*g**4 + 2*g + 27. Give i(8).
10
Let m = -281 + 283. Suppose n - l = 20 - 22, 5*l - 10 = -m*n. Let o(c) = c**2 + 3. Determine o(n).
3
Let l(h) = 20*h**2 - 13*h + 5. Let q be l(2). Suppose 7*z = 11 + q. Let o(s) = s**2 - 8*s - 5. Calculate o(z).
15
Let t(x) = 26*x + 83*x**2 + 4 + 89*x**2 - 259*x**2 + 90*x**2 - 5*x. Determine t(-7).
4
Let i(r) = -r**3 - 9*r**2 + 2*r - 85. Let u be i(-10). Let j(g) = -g**3 - 6*g**2 - 2*g - 5. Calculate j(u).
-20
Suppose -4*g + 39 = -21. Let y be g/27*(-3 + 0)*-3. Suppose -y*x = 10, -3*z + 11 = 2*z + 2*x. Let q(w) = 6*w - 4. Give q(z).
14
Let z = -52 - -54. Let w(j) = -245*j**2 - 1 + 246*j**z - 3*j - 3*j. Calculate w(3).
-10
Suppose -1213 = -21*i - 961. Let d(c) = 2*c**2 - c**2 - 3 - 11*c - 4. Calculate d(i).
5
Let i(j) = -j. Let o(p) = 5*p - 4. Let b(d) = 4*i(d) + o(d). Let f(w) = 94 + 17 + w**2 - 50*w + 30. Let y be f(47). What is b(y)?
-4
Let m(x) = 3*x**3 + 161*x**2 - 40*x + 31. Let t(g) = -g**3 - 66*g**2 + 20*g - 16. Let j(k) = 2*m(k) + 5*t(k). Calculate j(4).
-2
Let q(w) = -4173*w**2 + 8338*w**2 - 4164*w**2 + 11*w. What is q(-8)?
-24
Let b(s) be the second derivative of s**3/6 + 5*s**2 + 963*s. Calculate b(-26).
-16
Let v = -10070 + 10062. Let s(b) = -2*b**2 - 12*b + 19. Give s(v).
-13
Let l(s) = -s + 4. Suppose 5*i - 26 = 2*r, 4*i + 3 - 7 = -4*r. Let z be (-3)/i*-12 + (-2 - 0). What is l(z)?
-3
Suppose -5*f + 13*f - 16 = 0. Let d(h) = 6*h**2 + 44*h + 6. Let u(b) = -b**2 - 9*b - 1. Let x(p) = f*d(p) + 11*u(p). What is x(8)?
-23
Let b be (-12)/174 + (-6585)/(-29). Let j = 226 - b. Let d(l) = -29*l**2. Determine d(j).
-29
Let a(g) = -4*g**2 + 17*g + 66. Let j(h) = 7*h**2 - 33*h - 134. Let l(b) = 5*a(b) + 3*j(b). Let k(x) be the first derivative of l(x). What is k(11)?
8
Let p be 28/(-6)*(-87)/58. Suppose 3*w - p = 17. Let k(q) = q**3 - 9*q**2 + 8*q + 4. Determine k(w).
4
Let s(r) = 2*r. Let p be s(-5). Let a(f) = -554*f - 20. Let i(n) = 173*n + 6. Let l(d) = 5*a(d) + 16*i(d). Determine l(p).
16
Let q(i) be the first derivative of i**7/840 - i**6/60 - i**5/40 + i**4/4 + 5*i**3/3 - 3*i + 47. Let v(a) be the third derivative of q(a). Give v(6).
-12
Let m(j) = j**3 - 14*j**2 - 16*j + 12. Suppose 4*s = -10*q + 13*q + 209, -2*q + 94 = 2*s. Suppose 4*h = -20*d + 16*d + 80, -5*h = -5*d + s. Calculate m(d).
-3
Let i(k) be the first derivative of -65*k**4/4 + 2*k**3/3 - k**2 + k + 905. Calculate i(1).
-64
Let g(n) be the third derivative of -n**5/60 + n**4/24 - n**3/6 + 2*n**2. Let p = 49 + -44. Suppose -p*u - 1 = -z + 4*z, 5*u - 3*z = -19. What is g(u)?
-7
Let p(d) = 2*d**3 + 7*d**2 - 1. Let j(l) = 0*l**3 + 1 - 4*l**3 - 10*l**2 - 2*l**3 + 2*l**2 + 5*l**3. Let o(c) = 5*j(c) + 6*p(c). Calculate o(1).
8
Let a be (0 + 1)*-1 + -7. Let t(d) be the third derivative of d**4/12 + 2*d**3/3 + 26*d**2 + 630. Determine t(a).
-12
Let g(p) = -6*p**2 + 18*p + 7*p**2 - 189 + 230 + 2*p**2 - 2*p**2. Calculate g(-18).
41
Let c(s) be the third derivative of s**4/24 + 7*s**2 + 136*s. Determine c(5).
5
Suppose 50*k - 1953 = 185*k + 82*k. Let l(c) = 10*c - 13. Give l(k).
-103
Let o(q) = 2*q**2 - 10*q + 17. Let j(d) = d**3 + 27*d**2 - 60*d - 52. Let x be j(-29). What is o(x)?
29
Let p(f) = -23003*f + 80 - 204 + 42 - 198 + 22990*f. Determine p(-21).
-7
Suppose 3*h - 37 = 2*r, -h + 6*h = -2*r - 13. Let x(w) = -w**2 - 16*w - 24. Give x(r).
4
Let w(j) = 4*j**2 + 1. Let z(g) = 11*g**2 + 37*g - 125. Let c(b) = 3*w(b) - z(b). Calculate c(33).
-4
Suppose -12 = 26*f - 23*f, 3*k - 3*f = 48. Let u(p) = -p**2 + 10*p + 31. What is u(k)?
7
Let c(l) = -3*l + 20. Let p be c(6). Suppose 0 = 3*z + p*i - 143 + 37, i = -5*z + 172. Let t be (7 + (-2 - -1))*17/z. Let d(n) = 4*n + 2. Determine d(t).
14
Let v(r) be the second derivative of r**4/6 + 5*r**3/6 + 3*r**2/2 - 1927*r. Let m be 0*2/6 + 3. Suppose 4*u = m*z - 1 - 2, 0 = 5*z - 3*u + 6. Calculate v(z).
6
Let r = -368 + 363. Let s(o) = o**2 + 6*o + 8. Let n be s(r). Let u(z) = 3*z - 5*z + z. Give u(n).
-3
Let k(w) = 2*w**3 - w**3 + 1 - w - 2*w**2 + 0. Let m = 353 + -335. Suppose -m = -16*r + 14. Determine k(r).
-1
Let d(l) = -l**2 + 4*l. Let r be d(7). Let o be (-36)/14 - (-9)/r. Let q(c) = -3*c + 9*c - 7*c + 0*c + 1. Give q(o).
4
Let z be (2 - 15/9)/(-23 - (-1292)/57). Let w(d) = -17*d - 8. Calculate w(z).
9
Suppose 5*a = 3*a. Let u(y) = -2*y**2 - 4*y**2 + 1 + a. Let l be -12*2 + (73 - 48). Give u(l).
-5
Let y(r) = -r - 8. Let q(c) = -c**2 - 3*c + 2. Let m be q(-3). Suppose a - m*a = -6*a. Suppose -v = -2*s + 4*v + 11, a = 5*s + 4*v + 55. What is y(s)?
-1
Let i(m) = 8*m**2 - 16*m + 24. Let p(x) = -6*x**2 + 5*x - 25. Let r(o) = -2*i(o) - 3*p(o). Calculate r(-7).
6
Let i(w) = -5*w + 30. Let x be i(4). Let k(a) = 3*a**3 - 17*a**2 + 27*a + 36. Let n(b) = -b**3 + 5*b**2 - 9*b - 12. Let g(s) = 3*k(s) + 8*n(s). Calculate g(x).
2
Let v(b) = b**2 + 27*b + 90. Suppose 10 + 36 + 14 = -20*t. What is v(t)?
18
Let r(x) = -x**2 - 5*x + 455. Let d be r(19). Let q(j) = 53*j**2 - 2*j - 1. Calculate q(d).
54
Let v(t) = 2*t - 5. Let d be ((-1455)/15 - 3)*(-2)/8. Let x = -5 - -7. Suppose 0 = x*n + d - 39. Determine v(n).
9
Let l = -8 - -12. Suppose 5*o = -p - 21, -2*p = -o - l - 9. Let f(w) = -97*w**2 - 91*w**2 - w**3 + 7*w + 184*w**2. Give f(o).
-10
Let z be 2306/4 - 91/182. Let v(m) = -573*m - 2 + 1154*m - z*m. Calculate v(-5).
-27
Suppose 0 = 2*y + 3 + 5, -5*n - 4*y - 306 = 0. Suppose x + 192 = 4*x. Let i = n + x. Let z(f) = f**2 - 6*f + 8. What is z(i)?
8
Let n(z) = 0*z**2 - 3*z**2 + 16 + 178072*z - 178065*z. Determine n(-4).
-60
Let m be 3/((-12)/(-4)) + 3. Let z(p) = 1 + p - 1 + 1 + m - 2. Suppose -2*b = -0*b + 6. Give z(b).
0
Suppose 40*u - 139*u = 396. Let n(m) = m**3 + 7*m**2 + 8*m - 7. Give n(u).
9
Let v(t) = 11*t - 16. Let n(u) = -3*u + 4. Let o(s) = -17*n(s) - 4*v(s). What is o(-4)?
-32
Let c be (27/(-135))/((-2)/10). Let h be c*(-32)/12*(-315)/60. Let x(b) = -b + 5. Determine x(h).
-9
Let i(y) = 15*y - 4. Let h = 2013 + -2010. Determine i(h).
41
Let j(i) = -i**3 - 8*i**2 + 5*i - 16. Let w(c) = c**3 + 8*c**2 - 5*c + 18. Let x(g) = -4*j(g) - 3*w(g). Let t = 580 + -589. Give x(t).
-26
Let g be 120/14 - 8/14. Suppose 12 = -2*z + g*z. Let x(s) = -8 - z*s**2 - s - 5*s**2 + 6*s**2 + 2. Calculate x(-5).
-26
Let n(h) = -3*h**3 + h**2. Let v = -50 - -54. Let g be (v/(-4))/(1/(-2 - 0)). Suppose 8*t = 2*r + 5*t - 13, -g*t = 4*r + 14. Give n(r).
4
Let u(s) = -3*s**2 + 17*s + 32. Let y be u(7). Let n(i) = -i**2 + 5*i - 2. Give n(y).
2
Let o(m) = m - 2. Let c be ((-5)/(-2) + -1)*(-490)/(-21). Let x be 123/5 - (-14)/c. Let g = -33 + x. Give o(g).
-10
Suppose 0 = 3*u - 3, u - 1 - 9 = -3*x. Let k(q) = 4*q**3 - 5*q**2 + 2*q - 4. Let w(y) = -y**3 + y**2 - y - 1. Let f(p) = x*w(p) + k(p). Give f(3).
-1
Let z(n) = -n**2 - 20*n - 17. Let f be -1*((-114)/9)/(10/(-15)). Let p be z(f). Let t(v) = -115*v + 61*v + 55*v - v**p + 15. What is t(0)?
15
Let l(w) = -w**2 + w + 2. Let p be -4*(-2 - 20/(-16)). Let x be (2 - p)/((-9)/18). Suppose 4*i = 4*i + x*i. Give l(i).
2
Let k(w) = 29*w**2 + 4*w - w**3 - 64*w**2 + 49*w**2 + 2*w**3 - 24 - 21*w. Determine k(-15).
6
Suppose 5*n = -10, v - 19 + 8 = 3*n. Let r(q) = 101*q - 13. Let z(i) = 60*i - 7. Let x(m) = 3*r(m) - 5*z(m). What is x(v)?
11
Let x(c) = c**3 + 37*c**2 + 36*c - 24. Let h be ((-130)/78 + (-44)/(-12))/((-1)/18). Calculate x(h).
-24
Let w(v) = -v**3 + 15*v**2 - 52*v + 11. Suppose 18*t = 109*t - 455. Give w(t).
1
Suppose -12*c = -23*c + 22. Let r(a) = 3*a**2 + a - 1 + 3 - 5*a + 0*a + 0*a. What is r(c)?
6
Let h(r) = r**3 - r + 13. Let f(q) = -q**3 + 11*q**2 - 6*q + 66. Let w(d) = 2*d**2 - 4*d - 37. Let z be w(-4). Let j be f(z). Determine h(j).
13
Let k(a) = a + 11. Suppose 7*c = 561 - 533. Suppose 2*j = -g - c*g - 5, -3*g = 4*j + 31. Give k(j).
1
Let t be (-8)/(-28) + (4/(-42))/((-15)/2160). Let m(r) = r**2 - 11*r - 20. What is m(t)?
22
Let x(l) = 3*l**2 + 2*l. Suppose -23 = -4*r + 17. Suppose 4*v - 16 = 3*m - r, 0 = -m + v - 2. Give x(m).
8
Let z(w) = -w**2 + 30*w - 58. Let q be (4/8)/(2/(-200)). Let y be q/15*(-42)/5. Let h be z(y). Let m(n) = -n**3 - 4*n**2 - 4*n - 2. Give m(h).
-2
Let u be ((-12)/(-18))/(1*(-2)/(-48)). Let z(k) = -11 + u + k**3 - 6*k - 7*k**2 - 13 + k**2. Suppose -f - 7 = -2*f. Determine z(f).
-1
Let o(m) = -m**3 - 7*m**2 - 5*m - 42. Suppose -150 - 413 + 220 = 49*p. Giv